{"id":1182,"date":"2025-03-20T12:16:52","date_gmt":"2025-03-20T12:16:52","guid":{"rendered":"https:\/\/jaffvtt.fr\/?page_id=1182"},"modified":"2025-04-18T13:09:24","modified_gmt":"2025-04-18T13:09:24","slug":"jaff-vtt-magasin","status":"publish","type":"page","link":"https:\/\/jaffvtt.fr\/index.php\/jaff-vtt-magasin\/","title":{"rendered":"Jaff VTT &#8211; Magasin"},"content":{"rendered":"\t\t<div data-elementor-type=\"wp-page\" data-elementor-id=\"1182\" class=\"elementor elementor-1182\">\n\t\t\t\t<div class=\"elementor-element elementor-element-62856e7 e-flex e-con-boxed e-con e-parent\" data-id=\"62856e7\" data-element_type=\"container\" data-e-type=\"container\">\n\t\t\t\t\t<div class=\"e-con-inner\">\n\t\t\t\t<div class=\"elementor-element elementor-element-674da69 elementor-widget elementor-widget-heading\" data-id=\"674da69\" data-element_type=\"widget\" data-e-type=\"widget\" data-widget_type=\"heading.default\">\n\t\t\t\t<div class=\"elementor-widget-container\">\n\t\t\t\t\t<h2 class=\"elementor-heading-title elementor-size-default\">JAFF VTT - MAGASIN<\/h2>\t\t\t\t<\/div>\n\t\t\t\t<\/div>\n\t\t\t\t\t<\/div>\n\t\t\t\t<\/div>\n\t\t<div class=\"elementor-element elementor-element-4dd3e28 e-flex e-con-boxed e-con e-parent\" data-id=\"4dd3e28\" data-element_type=\"container\" data-e-type=\"container\" data-settings=\"{&quot;background_background&quot;:&quot;classic&quot;}\">\n\t\t\t\t\t<div class=\"e-con-inner\">\n\t\t\t\t<div class=\"elementor-element elementor-element-0443d89 elementor-widget elementor-widget-text-editor\" data-id=\"0443d89\" data-element_type=\"widget\" data-e-type=\"widget\" data-widget_type=\"text-editor.default\">\n\t\t\t\t<div class=\"elementor-widget-container\">\n\t\t\t\t\t\t\t\t\t<p class=\"p1\" style=\"text-align: center;\"><em>Dans notre nouvelle boutique \u00e0 Saint Jean d&#8217;Aulps nous vous accueillons toute l&#8217;ann\u00e9e pour tous vos besoins v\u00e9lo v\u00e9lo v\u00e9lo !..Qu&#8217;il s&#8217;agisse d&#8217;entretien, de r\u00e9paration, de pi\u00e8ces, de rechange, d&#8217;outillage, de location de v\u00e9lo ou d&#8217;un v\u00e9lo neuf, nous avons ce qu&#8217;il vous faut.<\/em><\/p>\t\t\t\t\t\t\t\t<\/div>\n\t\t\t\t<\/div>\n\t\t\t\t\t<\/div>\n\t\t\t\t<\/div>\n\t\t<div class=\"elementor-element elementor-element-f1d8f9c e-flex e-con-boxed e-con e-parent\" data-id=\"f1d8f9c\" data-element_type=\"container\" data-e-type=\"container\">\n\t\t\t\t\t<div class=\"e-con-inner\">\n\t\t\t\t<div class=\"elementor-element elementor-element-f687ab2 elementor-widget elementor-widget-spacer\" data-id=\"f687ab2\" data-element_type=\"widget\" data-e-type=\"widget\" data-widget_type=\"spacer.default\">\n\t\t\t\t<div class=\"elementor-widget-container\">\n\t\t\t\t\t\t\t<div class=\"elementor-spacer\">\n\t\t\t<div class=\"elementor-spacer-inner\"><\/div>\n\t\t<\/div>\n\t\t\t\t\t\t<\/div>\n\t\t\t\t<\/div>\n\t\t\t\t\t<\/div>\n\t\t\t\t<\/div>\n\t\t<div class=\"elementor-element elementor-element-7e194f3 e-flex e-con-boxed e-con e-parent\" data-id=\"7e194f3\" data-element_type=\"container\" data-e-type=\"container\">\n\t\t\t\t\t<div class=\"e-con-inner\">\n\t\t\t\t<div class=\"elementor-element elementor-element-8131e45 elementor-widget elementor-widget-image\" data-id=\"8131e45\" data-element_type=\"widget\" data-e-type=\"widget\" data-widget_type=\"image.default\">\n\t\t\t\t<div class=\"elementor-widget-container\">\n\t\t\t\t\t\t\t\t\t\t\t\t\t\t\t<img fetchpriority=\"high\" decoding=\"async\" width=\"950\" height=\"567\" src=\"https:\/\/jaffvtt.fr\/wp-content\/uploads\/2025\/04\/jaff-shop-front-3-1024x611.jpg\" class=\"attachment-large size-large wp-image-1939\" alt=\"\" srcset=\"https:\/\/jaffvtt.fr\/wp-content\/uploads\/2025\/04\/jaff-shop-front-3-1024x611.jpg 1024w, https:\/\/jaffvtt.fr\/wp-content\/uploads\/2025\/04\/jaff-shop-front-3-300x179.jpg 300w, https:\/\/jaffvtt.fr\/wp-content\/uploads\/2025\/04\/jaff-shop-front-3.jpg 1397w\" sizes=\"100vw\" \/>\t\t\t\t\t\t\t\t\t\t\t\t\t\t\t<\/div>\n\t\t\t\t<\/div>\n\t\t\t\t\t<\/div>\n\t\t\t\t<\/div>\n\t\t<div class=\"elementor-element elementor-element-6ad4b3b e-flex e-con-boxed e-con e-parent\" data-id=\"6ad4b3b\" data-element_type=\"container\" data-e-type=\"container\">\n\t\t\t\t\t<div class=\"e-con-inner\">\n\t\t\t\t<div class=\"elementor-element elementor-element-ac8a51c elementor-widget elementor-widget-spacer\" data-id=\"ac8a51c\" data-element_type=\"widget\" data-e-type=\"widget\" data-widget_type=\"spacer.default\">\n\t\t\t\t<div class=\"elementor-widget-container\">\n\t\t\t\t\t\t\t<div class=\"elementor-spacer\">\n\t\t\t<div class=\"elementor-spacer-inner\"><\/div>\n\t\t<\/div>\n\t\t\t\t\t\t<\/div>\n\t\t\t\t<\/div>\n\t\t\t\t\t<\/div>\n\t\t\t\t<\/div>\n\t\t<div class=\"elementor-element elementor-element-9c8dc79 e-flex e-con-boxed e-con e-parent\" data-id=\"9c8dc79\" data-element_type=\"container\" data-e-type=\"container\" data-settings=\"{&quot;background_background&quot;:&quot;classic&quot;}\">\n\t\t\t\t\t<div class=\"e-con-inner\">\n\t\t\t\t<div class=\"elementor-element elementor-element-2bc4193 elementor-widget elementor-widget-text-editor\" data-id=\"2bc4193\" data-element_type=\"widget\" data-e-type=\"widget\" data-widget_type=\"text-editor.default\">\n\t\t\t\t<div class=\"elementor-widget-container\">\n\t\t\t\t\t\t\t\t\t<h3>LOCATION DE V\u00c9LOS<\/h3><p>Que vous souhaitiez une arme de descente ou un v\u00e9lo d&#8217;enduro pour vous d\u00e9placer en montagne ou que vous pr\u00e9f\u00e9riez un semi-rigide \u00e9lectrique plus abordable pour rouler le long du chemin de la rivi\u00e8re jusqu&#8217;\u00e0 Morzine et au-del\u00e0, nous avons le v\u00e9lo qu&#8217;il vous faut. <strong><a href=\"https:\/\/jaffvtt.fr\/index.php\/location-de-velos\/\">Consultez notre gamme de v\u00e9los et nos tarifs ici.<\/a><\/strong><\/p>\t\t\t\t\t\t\t\t<\/div>\n\t\t\t\t<\/div>\n\t\t\t\t\t<\/div>\n\t\t\t\t<\/div>\n\t\t<div class=\"elementor-element elementor-element-21eb90c e-flex e-con-boxed e-con e-parent\" data-id=\"21eb90c\" data-element_type=\"container\" data-e-type=\"container\">\n\t\t\t\t\t<div class=\"e-con-inner\">\n\t\t\t\t<div class=\"elementor-element elementor-element-e08dc5f elementor-widget elementor-widget-spacer\" data-id=\"e08dc5f\" data-element_type=\"widget\" data-e-type=\"widget\" data-widget_type=\"spacer.default\">\n\t\t\t\t<div class=\"elementor-widget-container\">\n\t\t\t\t\t\t\t<div class=\"elementor-spacer\">\n\t\t\t<div class=\"elementor-spacer-inner\"><\/div>\n\t\t<\/div>\n\t\t\t\t\t\t<\/div>\n\t\t\t\t<\/div>\n\t\t\t\t\t<\/div>\n\t\t\t\t<\/div>\n\t\t<div class=\"elementor-element elementor-element-59497a7 e-flex e-con-boxed e-con e-parent\" data-id=\"59497a7\" data-element_type=\"container\" data-e-type=\"container\" data-settings=\"{&quot;background_background&quot;:&quot;classic&quot;}\">\n\t\t\t\t\t<div class=\"e-con-inner\">\n\t\t\t\t<div class=\"elementor-element elementor-element-2cdb98a elementor-widget elementor-widget-text-editor\" data-id=\"2cdb98a\" data-element_type=\"widget\" data-e-type=\"widget\" data-widget_type=\"text-editor.default\">\n\t\t\t\t<div class=\"elementor-widget-container\">\n\t\t\t\t\t\t\t\t\t<h3>SERVICE ET R\u00c9PARATION<\/h3><p><em>Jaff VTT dispose d&#8217;un atelier complet pour r\u00e9aliser tous vos travaux\u00a0: purges de freins, changement de roulements et r\u00e9fection de suspensions compl\u00e8tes. Nous assurons le bon fonctionnement de vos v\u00e9los depuis 2009.<\/em><\/p><p>Quel que soit le probl\u00e8me, nous le r\u00e9parons, le r\u00e9glons et vous permettons de reprendre la route en un rien de temps.<\/p><p>Sp\u00e9cialistes des suspensions, nous disposons d&#8217;\u00e9quipements de pointe sur place pour un entretien et un r\u00e9glage rapides et professionnels de votre suspension. <strong><a href=\"https:\/\/jaffvtt.fr\/index.php\/jaff-suspension-entretien-de-la-suspension\/\">En savoir plus\u2026<\/a><\/strong><\/p>\t\t\t\t\t\t\t\t<\/div>\n\t\t\t\t<\/div>\n\t\t\t\t\t<\/div>\n\t\t\t\t<\/div>\n\t\t<div class=\"elementor-element elementor-element-f75def8 e-flex e-con-boxed e-con e-parent\" data-id=\"f75def8\" data-element_type=\"container\" data-e-type=\"container\">\n\t\t\t\t\t<div class=\"e-con-inner\">\n\t\t\t\t<div class=\"elementor-element elementor-element-7cce7e9 elementor-widget elementor-widget-spacer\" data-id=\"7cce7e9\" data-element_type=\"widget\" data-e-type=\"widget\" data-widget_type=\"spacer.default\">\n\t\t\t\t<div class=\"elementor-widget-container\">\n\t\t\t\t\t\t\t<div class=\"elementor-spacer\">\n\t\t\t<div class=\"elementor-spacer-inner\"><\/div>\n\t\t<\/div>\n\t\t\t\t\t\t<\/div>\n\t\t\t\t<\/div>\n\t\t\t\t\t<\/div>\n\t\t\t\t<\/div>\n\t\t<div class=\"elementor-element elementor-element-b5d9f22 e-flex e-con-boxed e-con e-parent\" data-id=\"b5d9f22\" data-element_type=\"container\" data-e-type=\"container\" data-settings=\"{&quot;background_background&quot;:&quot;classic&quot;}\">\n\t\t\t\t\t<div class=\"e-con-inner\">\n\t\t\t\t<div class=\"elementor-element elementor-element-66c03d7 elementor-widget elementor-widget-text-editor\" data-id=\"66c03d7\" data-element_type=\"widget\" data-e-type=\"widget\" data-widget_type=\"text-editor.default\">\n\t\t\t\t<div class=\"elementor-widget-container\">\n\t\t\t\t\t\t\t\t\t<h3>VENTE DE V\u00c9LOS<\/h3><p>Nous proposons une gamme de v\u00e9los, notamment NS, Devine et Intense.<\/p>\t\t\t\t\t\t\t\t<\/div>\n\t\t\t\t<\/div>\n\t\t\t\t\t<\/div>\n\t\t\t\t<\/div>\n\t\t<div class=\"elementor-element elementor-element-8d49162 e-flex e-con-boxed e-con e-parent\" data-id=\"8d49162\" data-element_type=\"container\" data-e-type=\"container\">\n\t\t\t\t\t<div class=\"e-con-inner\">\n\t\t\t\t<div class=\"elementor-element elementor-element-33e4751 elementor-widget elementor-widget-spacer\" data-id=\"33e4751\" data-element_type=\"widget\" data-e-type=\"widget\" data-widget_type=\"spacer.default\">\n\t\t\t\t<div class=\"elementor-widget-container\">\n\t\t\t\t\t\t\t<div class=\"elementor-spacer\">\n\t\t\t<div class=\"elementor-spacer-inner\"><\/div>\n\t\t<\/div>\n\t\t\t\t\t\t<\/div>\n\t\t\t\t<\/div>\n\t\t\t\t\t<\/div>\n\t\t\t\t<\/div>\n\t\t<div class=\"elementor-element elementor-element-ffbb39b e-flex e-con-boxed e-con e-parent\" data-id=\"ffbb39b\" data-element_type=\"container\" data-e-type=\"container\" data-settings=\"{&quot;background_background&quot;:&quot;classic&quot;}\">\n\t\t\t\t\t<div class=\"e-con-inner\">\n\t\t\t\t<div class=\"elementor-element elementor-element-040f8ef elementor-widget elementor-widget-text-editor\" data-id=\"040f8ef\" data-element_type=\"widget\" data-e-type=\"widget\" data-widget_type=\"text-editor.default\">\n\t\t\t\t<div class=\"elementor-widget-container\">\n\t\t\t\t\t\t\t\t\t<h3>PI\u00c8CES DE V\u00c9LO<\/h3><p>Nous sommes fiers de disposer d&#8217;une vaste gamme de pi\u00e8ces et de pi\u00e8ces de rechange en stock afin de pouvoir r\u00e9pondre \u00e0 toutes les demandes et vous permettre de d\u00e9marrer rapidement.<\/p>\t\t\t\t\t\t\t\t<\/div>\n\t\t\t\t<\/div>\n\t\t\t\t\t<\/div>\n\t\t\t\t<\/div>\n\t\t<div class=\"elementor-element elementor-element-e6a914c e-flex e-con-boxed e-con e-parent\" data-id=\"e6a914c\" data-element_type=\"container\" data-e-type=\"container\">\n\t\t\t\t\t<div class=\"e-con-inner\">\n\t\t\t\t<div class=\"elementor-element elementor-element-950a4f7 elementor-widget elementor-widget-spacer\" data-id=\"950a4f7\" data-element_type=\"widget\" data-e-type=\"widget\" data-widget_type=\"spacer.default\">\n\t\t\t\t<div class=\"elementor-widget-container\">\n\t\t\t\t\t\t\t<div class=\"elementor-spacer\">\n\t\t\t<div class=\"elementor-spacer-inner\"><\/div>\n\t\t<\/div>\n\t\t\t\t\t\t<\/div>\n\t\t\t\t<\/div>\n\t\t\t\t\t<\/div>\n\t\t\t\t<\/div>\n\t\t\t\t<\/div>\n\t\t","protected":false},"excerpt":{"rendered":"<p>JAFF VTT &#8211; MAGASIN Dans notre nouvelle boutique \u00e0 Saint Jean d&#8217;Aulps nous vous accueillons toute l&#8217;ann\u00e9e pour tous vos besoins v\u00e9lo v\u00e9lo v\u00e9lo !..Qu&#8217;il s&#8217;agisse d&#8217;entretien, de r\u00e9paration, de pi\u00e8ces, de rechange, d&#8217;outillage, de location de v\u00e9lo ou d&#8217;un v\u00e9lo neuf, nous avons ce qu&#8217;il vous faut. LOCATION DE V\u00c9LOS Que vous souhaitiez une &hellip; <\/p>\n<p class=\"link-more\"><a href=\"https:\/\/jaffvtt.fr\/index.php\/jaff-vtt-magasin\/\" class=\"more-link\">Read more<span class=\"screen-reader-text\"> &#8220;Jaff VTT &#8211; Magasin&#8221;<\/span><\/a><\/p>\n","protected":false},"author":1,"featured_media":0,"parent":0,"menu_order":0,"comment_status":"closed","ping_status":"closed","template":"","meta":{"footnotes":""},"class_list":["post-1182","page","type-page","status-publish","hentry"],"_links":{"self":[{"href":"https:\/\/jaffvtt.fr\/index.php\/wp-json\/wp\/v2\/pages\/1182","targetHints":{"allow":["GET"]}}],"collection":[{"href":"https:\/\/jaffvtt.fr\/index.php\/wp-json\/wp\/v2\/pages"}],"about":[{"href":"https:\/\/jaffvtt.fr\/index.php\/wp-json\/wp\/v2\/types\/page"}],"author":[{"embeddable":true,"href":"https:\/\/jaffvtt.fr\/index.php\/wp-json\/wp\/v2\/users\/1"}],"replies":[{"embeddable":true,"href":"https:\/\/jaffvtt.fr\/index.php\/wp-json\/wp\/v2\/comments?post=1182"}],"version-history":[{"count":48,"href":"https:\/\/jaffvtt.fr\/index.php\/wp-json\/wp\/v2\/pages\/1182\/revisions"}],"predecessor-version":[{"id":1942,"href":"https:\/\/jaffvtt.fr\/index.php\/wp-json\/wp\/v2\/pages\/1182\/revisions\/1942"}],"wp:attachment":[{"href":"https:\/\/jaffvtt.fr\/index.php\/wp-json\/wp\/v2\/media?parent=1182"}],"curies":[{"name":"wp","href":"https:\/\/api.w.org\/{rel}","templated":true}]}}